nder when 60 is divided by -2*(-1)/k*(2 + -34)?
28
Suppose 5*q + t + 4*t - 295 = 0, -t + 121 = 2*q. Let u = -40 + 54. Suppose 2 = z - u. Calculate the remainder when q is divided by z.
14
Let v(k) = 13*k - 17. What is the remainder when 559 is divided by v(4)?
34
Let c(l) = 9*l**2 + 37*l + 155. Calculate the remainder when c(-6) is divided by 37.
35
What is the remainder when 117 is divided by (-490)/(-105)*60/14?
17
Let n(w) = 32*w + 3. Let p(h) = -h**2 + 13*h - 20. Let r be p(11). What is the remainder when 265 is divided by n(r)?
64
Suppose -5*c = 0, -c = -5*x + 2*c. Suppose x = l + 10 - 24. Let p = 1279 + -1271. Calculate the remainder when l is divided by p.
6
Let m be (-54)/(-6 - 0) - 4. Suppose -y - 4*n = -30, 2*y - m*y + 3*n + 60 = 0. Let z(l) = l**2 - 4*l - 7. Calculate the remainder when y is divided by z(6).
2
Let z(c) = c + 19. Let v be z(-9). Let i(w) = -w**3 + 11*w**2 - 9*w + 14. Calculate the remainder when i(v) is divided by 9.
6
Suppose -12 + 0 = -3*w. Let g be 2 + -9 + w + 3. Suppose -2*r - 2 = 0, g*r - 2 = -y - 4*r. What is the remainder when 21 is divided by y?
3
Let o(z) = -z**3 + 2*z**2 - 17*z + 32. What is the remainder when 183 is divided by o(0)?
23
Suppose -20 = -366*b + 361*b. Calculate the remainder when 16 is divided by b.
0
Let m(f) = -4*f**2 + 36*f - 24. What is the remainder when 174 is divided by m(8)?
6
Suppose 104 = 120*q - 119*q - 3*w, -q + 96 = -w. What is the remainder when q is divided by 47?
45
Let y be 69/2*6/9. Suppose -i + c + 0 = -y, -4*c - 2 = i. Suppose m - i = -7. Calculate the remainder when 18 is divided by m.
7
What is the remainder when 485 is divided by 7818/174 + (-6)/(-87)?
35
Calculate the remainder when (80/35 - (-12)/(-42)) + 311 is divided by 4.
1
What is the remainder when 22/(-4)*32/(12/(-3)) is divided by -1 - (-2 + 1)*25?
20
What is the remainder when (-4)/(-26) + (-11376)/(-78) is divided by 12?
2
Let n = 1988 - 1631. Calculate the remainder when n is divided by 45.
42
Suppose 2*i + 0*i + 112 = -4*p, -2*p + 5*i = 44. Suppose c + 0 = -1, -4*v - 5*c = -191. Let t = v + p. Calculate the remainder when 43 is divided by t.
21
Suppose -10*t = -324 - 66. What is the remainder when t is divided by (-30)/(-1)*11/22?
9
Let k = -87 - -730. Calculate the remainder when k is divided by 12.
7
Suppose -33 - 27 = -3*b. What is the remainder when b is divided by (-5590)/1720 + 114/8?
9
Let n(s) = s**3 - s + 12. Let h be n(0). Suppose -h*p + 8*p + 748 = 0. Calculate the remainder when p is divided by 38.
35
Let w = 57 - 63. What is the remainder when 24/(-36) + (-652)/w is divided by 28?
24
Let c(q) = q**3 - 13*q**2 - q + 9. Let f be c(13). Let m = 6 + f. Let o = -154 + 160. Calculate the remainder when o is divided by m.
0
Suppose 296 = 13*i - 9*i + 4*f, 70 = i - f. Calculate the remainder when i is divided by 34.
4
Let g = -73 - -228. Suppose 45 = -10*r + g. Calculate the remainder when 119 is divided by r.
9
Suppose -2*a = -5*a - 30. Let k(p) = p**3 + 11*p**2 + 9*p + 14. Let u be k(a). Suppose t = -t + u. Calculate the remainder when t is divided by 5.
2
Suppose -6*g + 58 - 10 = 0. Calculate the remainder when 44 is divided by g.
4
Suppose 0*i + 2*i = z + 4, i = -2*z - 3. Let b = 13 - i. Calculate the remainder when 94 is divided by b.
10
Suppose -2*u + 14 = 2*l, 0 = 2*l - 3 + 7. Calculate the remainder when 26 is divided by u.
8
Suppose 0 = -2*t + 18 - 0. Let f be t*1*20/30. Suppose f*k - x - 32 = 3*k, -23 = -2*k - x. What is the remainder when k is divided by 7?
4
Let i be (-22 - 2)/(-1) + -2. Suppose 0 = -3*s + s + i. What is the remainder when 28 + -6 - (5 + (-3 - -1)) is divided by s?
8
Suppose -29*s = 21*s - 1850. What is the remainder when 399 is divided by s?
29
Let p = -7 + 15. Suppose -q + 36 = 5*b - 2, -2*q - 5*b = -61. Calculate the remainder when q + (0/3)/(4 - 3) is divided by p.
7
Let z(j) = 2*j**2 - 9*j + 9. Let b be (-52)/(-12) - (-1)/(-3). Calculate the remainder when 33 is divided by z(b).
3
Suppose 5*a - 2*g = 117, 2*a = -23*g + 19*g + 42. Calculate the remainder when a is divided by 3/(-1) + (24 - 6).
8
Let i(w) = -w**2 + 8*w + 13. Suppose -35*f = -33*f - 8. Suppose -3*a + 33 = -2*d, a = 3*d - 0 + f. Calculate the remainder when a is divided by i(9).
1
Suppose 17*c = -76 + 331. What is the remainder when 39 is divided by c?
9
Let w = -1115 - -1139. Calculate the remainder when 28 is divided by w.
4
Suppose 3*i = 2*q - 10, 0 = 3*q - i - 0*i - 8. What is the remainder when (51/9)/((-4)/(-36)) is divided by 15 - (-1 + q + 1)?
12
Suppose 36*p - 392 = -68. Calculate the remainder when 35 is divided by p.
8
Suppose -5*a - 1 = -26. Suppose 4*p - 50 = p + 4*z, -2*p - 2*z = -38. Suppose g = -g + p. What is the remainder when g is divided by a?
4
Let y(m) = 19 - 50*m - 56*m + m**2 + 97*m. Calculate the remainder when 74 is divided by y(9).
17
Let r(t) = -t**2 - 11*t - 1. Let u(m) = 10*m. Let w be u(1). Calculate the remainder when (-5)/w + 65/2 is divided by r(-10).
5
Suppose 6*d - 909 = 375. What is the remainder when d is divided by 6?
4
Let a(u) = u**2 - 2*u - 1. Let z be (-5)/((-40)/12)*2. Suppose 25 = 5*k - 8*x + z*x, 5*x = -k - 1. Calculate the remainder when 12 is divided by a(k).
5
Suppose 0 = 3*y + 52 + 5. Calculate the remainder when 42 is divided by y/(-2) - (-6)/4.
9
Let f = -140 - -92. Let z = f + 65. What is the remainder when 82 is divided by z?
14
What is the remainder when 25 is divided by (90/(-12))/(2/(-4))?
10
Let k(w) = -w + w**2 + 3 + 0*w + 2*w. Let u = -93 + 96. Calculate the remainder when 72 is divided by k(u).
12
Let g(x) = -146*x - 361. What is the remainder when 221 is divided by g(-3)?
67
Suppose 132*u = 142*u - 170. What is the remainder when 236 is divided by u?
15
Let a(i) = i**2 + 21*i - 27. Let g be a(-23). Let d = g - 9. Calculate the remainder when 29 is divided by d.
9
Suppose 0 = -3*v - 2*o + 75, v - 4*v - o + 72 = 0. Suppose 31*n - 33*n = -50. Suppose 3*w = n + 14. What is the remainder when v is divided by w?
10
Let s(a) = 2*a**2 - 2*a + 5. Let d = -48 - -7. Let y = d + 65. What is the remainder when s(5) is divided by y?
21
Let j(k) = k**3 + 2*k**2 - 4*k - 6. Let h be j(-3). What is the remainder when (-35)/(-30)*h*-2 is divided by 2?
1
Suppose -22 = -q + 2*a - 0*a, 0 = 5*q + 2*a - 98. Calculate the remainder when 195 is divided by q.
15
What is the remainder when 42 is divided by (0 - -8) + 1 + (1 - 1)?
6
Let j(v) = 4*v**2 + 6*v - 43. Calculate the remainder when j(12) is divided by 38.
35
Let h(u) = -8*u + 67. Let n be (-14)/(-6) - 4/(-6). Suppose r - 319 = -n*a, 2*r + 0*r = 4*a - 432. Calculate the remainder when a is divided by h(5).
26
Suppose -4*a + 101 = -355. What is the remainder when a is divided by 4/(-1 - 81/(-45))?
4
Suppose -8*s = -27*s + 551. Calculate the remainder when 1072 is divided by s.
28
Suppose -8 = 3*g - 5. Let r(t) = -30*t**2 + 3*t + 3. Let h(w) = -w**2 + 1. Let l(p) = h(p) - r(p). Calculate the remainder when l(g) is divided by 11.
8
Let r = -1 + -7. Let w be (10/r)/(3/(-12)). Let u(m) = m**2 - 5*m + 4. Calculate the remainder when 11 is divided by u(w).
3
Suppose 2*a - 4*g - 4 = -9*g, 0 = 5*g + 20. Calculate the remainder when 45 is divided by a.
9
Suppose 7*d + 324 = 9*d. What is the remainder when d is divided by (-158)/(-5) + 322/230?
30
Suppose 54 = -5*x + 4. Let q be ((-3)/6)/(1/x). Suppose q*i = -8 - 2, -4*i + 72 = 4*o. What is the remainder when o is divided by 7?
6
Suppose 10*v - 11*v = -x + 47, -5*v + 173 = 3*x. Calculate the remainder when x is divided by 19.
13
Let y(n) = 4*n - 2. Let g be y(5). Suppose 0 = f + f - g. Suppose k - 2*h = 34, 4*k - f = -h + 118. Calculate the remainder when k is divided by 9.
5
Let l be -3*(-3)/(-9) + 9. Let n(i) = -i + 8. Let p be n(l). Suppose -s + 21 - 2 = p. What is the remainder when s is divided by 7?
5
Let z = 767 + -435. What is the remainder when z is divided by 67?
64
Let h be 6/(-2) + -2 + 3. Let q = 6 + h. Calculate the remainder when (-5 + 3)/(q/(-50)) is divided by 7.
4
Suppose 1661*v + 330 = 1663*v. What is the remainder when v is divided by 21?
18
Let y(p) = p**2 - 48*p + 83. Calculate the remainder when 490 is divided by y(48).
75
Let b = 124 - 70. Let z(k) = -52*k + 3. Calculate the remainder when z(-2) is divided by b.
53
Let r = 13 - 7. Suppose -72 = -